(z) = -60*z - v*z + 118*z - 2 + 2*z**2. What is a(5)?
13
Suppose -i = -0 + 3. Let t(r) = 2*r - 66 + 185 - 55 - 60. Give t(i).
-2
Let c(f) = -5*f**3 - 3*f**2 - 2*f - 6. Let l(w) = 11*w**3 + 7*w**2 + 5*w + 13. Let q(o) = -9*c(o) - 4*l(o). What is q(3)?
14
Let a(c) = -17*c**2 - c. Let k(v) = 2*v**2 - 41*v + 133. Let x be k(4). What is a(x)?
-18
Let a(i) = i**2 + 4*i + 2. Let m(z) = 2*z**3 + z - 6. Let k be m(3). Let d = -55 + k. Give a(d).
2
Let d(v) be the first derivative of -v**2/2 + 11*v - 57. What is d(8)?
3
Let p(l) be the second derivative of l**3/3 - 5*l**2/2 + l. Let q(u) = -u**3 - 20*u**2 - 101*u - 12. Let i be q(-9). What is p(i)?
7
Let i(k) = -k**2 - 9*k - 8. Let r(d) = 4*d**2 - 4*d + 1. Let z be r(4). Let j = z - 56. Calculate i(j).
6
Let f(g) be the second derivative of -g**4/24 - g**3 - 10*g**2 - 18*g. Let j(q) be the first derivative of f(q). Let y(l) = -2*l - 2. Let s be y(2). Give j(s).
0
Let d(c) = c**2 - 49*c + 48*c + 0*c**2. Suppose 0 = 2*n - 2*q - 18, 9 = n - 3*q - 6. Suppose -2*a = -n*a. What is d(a)?
0
Let a(s) = -4*s - 1. Let y(t) = -3*t + 5. Let u(v) = a(v) - y(v). Calculate u(-5).
-1
Let d(k) be the first derivative of -2*k - k**3 - 1/4*k**4 - 2*k**2 - 11. Give d(-2).
2
Let m(t) be the first derivative of -1/4*t**4 + 7/2*t**2 + 4 + 7*t - 4/3*t**3. Let d be m(-5). Let l(n) = n**3 + n**2 - 3*n + 3. Calculate l(d).
-6
Let h(g) = -g - 2. Let s(v) = v**2 + 11*v + 12. Let r(w) = 2*h(w) + s(w). Calculate r(-9).
8
Let l(h) be the third derivative of -h**5/60 + h**4/24 - h**2. Let t(r) = -r - 2. Let b be t(-2). Let x be l(b). Let g(z) = z**2 - z + 7. What is g(x)?
7
Let r(y) = -y + 2. Let c be 6/15 - 24/10. Let j be r(c). Let x(f) = -2*f + 3*f + 1 - j - 4*f - f**2. Calculate x(-3).
-3
Let n(v) = -7*v + 1. Let f(u) = 3*u + u + 4 - 8*u. Let c be f(5). Let r be (-5)/4 + (-4)/c. What is n(r)?
8
Suppose -41*b = 24*b - 325. Let i(d) = -5*d + 4. Give i(b).
-21
Let q = 30 - 102. Let t = -78 - q. Let h(d) = 3*d + 2. Let r(f) = -1. Let v(c) = h(c) - 2*r(c). Give v(t).
-14
Let b(l) = -l**2 - 8*l - 7. Let i = 193 - 201. Determine b(i).
-7
Let p(u) = -7*u**2 + 13*u - 12. Let r(b) = 12*b**2 - 25*b + 23. Let h(g) = -5*p(g) - 3*r(g). Calculate h(7).
12
Let j(h) be the first derivative of -h**3/3 + 15*h**2/2 - 11*h - 31. Let t(i) = 8*i - 6. Let r(v) = 3*j(v) - 5*t(v). Give r(3).
-15
Let r(q) = -20*q + 6 - 2 + 0 - 2. Give r(-2).
42
Let f(v) = 4*v + 10. Let l(d) = 5*d + 29. Let n(j) = -3*j - 15. Let z(a) = 4*l(a) + 9*n(a). Let t = 13 + -8. Let h(q) = t*f(q) + 3*z(q). Calculate h(-5).
-2
Let x be 15*(0 - 14/35). Let n(h) = -2*h - 14. Give n(x).
-2
Let w(c) be the second derivative of c**3/2 - 3*c**2/2 + 53*c. Calculate w(6).
15
Let b(o) = -o**3 + 2*o**2 - 22*o - 3. Let p(v) = -v**3 + 3*v**2 - 19*v - 2. Let d(z) = -4*b(z) + 5*p(z). What is d(6)?
-4
Let t = -301 + 292. Let g(r) = r + 11. Determine g(t).
2
Let q(l) = 6 + 0 - 2 + 2 + l**2 - 6*l. Suppose 4*b - 4*y = 20, 2*b = -3*b + 4*y + 24. Suppose 5*d - b = 4*d. Determine q(d).
-2
Let n = 3/566 + 1123/1698. Let m(y) be the second derivative of -5/2*y**2 - 1/12*y**4 + 11*y - n*y**3 + 0. Give m(-5).
-10
Let s = -1741 + 1744. Let h(u) = u**3 - u**2 - 2*u + 3. Determine h(s).
15
Suppose -10*u = 137 - 77. Suppose 0*j = -4*j - 24. Let l(h) = -7*h - 1. Let q(o) = o. Let s(d) = j*q(d) - l(d). What is s(u)?
-5
Let u(n) be the first derivative of n**6/360 - n**5/20 - 5*n**4/24 - n**3/3 - 9. Let p(w) be the third derivative of u(w). Determine p(6).
-5
Suppose 10 = 3*s + 1. Suppose -5*r - s*l = -0*r - 14, -2*l + 11 = 5*r. Let f(c) = -r - 5*c**2 + 6 - 4 + 5*c**3 + c - 4*c**3. What is f(5)?
6
Let u(q) = 9*q - q - 7*q + 0*q + 8. Give u(-10).
-2
Let f be -1 - -2 - 30/10. Let z be 1/f*(0 - 4). Let n(r) = r**2 - 7*r + 6 + z*r + r - 4*r. Calculate n(8).
6
Let s be (7/(189/9))/((-4)/72). Let f(i) = -i**3 - 6*i**2 - 2*i - 11. Give f(s).
1
Let h = -2189 + 2190. Let l(t) = -5*t**2 - 4*t - 3. Let w(z) = 2*z**2 + 2*z + 2. Let r(u) = -3*l(u) - 5*w(u). Give r(h).
6
Suppose 4*f - 2*t - t + 19 = 0, 5*t = 4*f + 29. Let m(w) = -w. Let v be m(f). Let r(z) = -37100*z + 37099*z + 1 - 4*z**2 + 2*z**2. Calculate r(v).
-2
Let h(o) = -23*o**3 - 5*o**2 + o + 4. Let p(y) = -19*y**3 - 4*y**2 + y + 3. Let u(x) = -5*h(x) + 6*p(x). Determine u(-2).
-8
Let o(y) = -12*y + 4*y + 3*y**2 + 3*y**2 - 2 - 6*y**2 - y**2. Determine o(-6).
10
Let v = 1856 + -1865. Let f(q) = -q - 12. Determine f(v).
-3
Let y = -2628 - -5257/2. Let p(l) be the second derivative of 0*l**3 - 8*l + 1/20*l**5 + 0 + y*l**4 - 5/2*l**2. Determine p(-6).
-5
Let r(i) = i**3 - 7*i**2 - 45*i + 4. Let s be r(11). Let k(n) = -3*n + 10*n + 6 - 6*n**2 + 3*n - n**3. Give k(s).
-15
Suppose 0 = -3*s - d + 190, 3*s + 4*d - 170 = -d. Suppose -18*g + s = -5*g. Let b(z) = -z**3 + 6*z**2 - 4*z - 2. What is b(g)?
3
Let x be (-4)/(-4 - 7/(-2)) - 2. Let l(j) be the first derivative of -j**3/3 + 3*j**2 + 3*j - 3. What is l(x)?
3
Suppose -3 = -z + 3. Let t(k) = -3*k - 2*k - 23 + z*k + 21. Give t(5).
3
Let w(j) = 126*j - 267*j + 128*j - 8 + j**2. Give w(9).
-44
Let i(q) = -4*q**2 + 5*q**3 + 0*q - 4*q**3 + q - 7*q + 1. Give i(5).
-4
Let n(h) = 7*h**3 + 3*h**2 - 57. Let o(y) = -10*y**3 - 4*y**2 + 85. Let u(a) = -7*n(a) - 5*o(a). Let t(b) be the first derivative of u(b). Determine t(2).
8
Let q(t) = -10*t**2 + 13*t + 6. Let v(c) be the second derivative of c**4/4 - 2*c**3/3 - c**2 + 12*c. Let w(b) = 2*q(b) + 7*v(b). Calculate w(-3).
13
Let k(r) = r**3 + 18*r**2 - r - 23. Let f be k(-18). Let p(z) = -3*z + 6. Calculate p(f).
21
Let w(m) = m + 14. Let n be w(-8). Let d(l) = 8*l + n*l - 10*l. What is d(-4)?
-16
Let c(j) = -j**2 + 4*j + 6. Let a be c(5). Let d(k) be the second derivative of 11*k**3/6 - 3*k. Give d(a).
11
Let y = 7 - 5. Suppose 2 = y*q, -2*d - 5*q + 4 = -3. Let b(o) = -2 - o + 5*o + 4*o + 1. What is b(d)?
7
Let w(q) be the second derivative of -q**4/6 - 5*q**3/3 - 2*q**2 + 38*q. Give w(-4).
4
Let c(m) = m**3 + 2*m**2. Let r be (-90)/(-270)*(0 + -3). Give c(r).
1
Let u(k) = 7*k - 1. Let r(z) = 8*z - 1. Let o(h) = -6*r(h) + 7*u(h). Let a be 10/(-6)*(-10 - -13) - -1. Calculate o(a).
-5
Let i be 1 + (0 + 0 - 3). Let c(y) be the first derivative of -y**4/4 - y**3 - y**2/2 - y - 2965. Calculate c(i).
-3
Suppose -5*h = -7*h. Let w be 2 + (1 + h)/1. Suppose 8*g = 11*g + w. Let n(j) = -3*j**3 - j**2 - 2*j - 1. Determine n(g).
3
Suppose -3*g = -0*g - 30. Let h(y) be the second derivative of y**3/6 - 9*y**2/2 - 312*y. Determine h(g).
1
Let f(n) be the third derivative of -n**6/120 + 2*n**5/15 + 11*n**4/24 - 4*n**3/3 + 37*n**2. Determine f(9).
10
Let j = -3 + 4. Let b(h) = 3*h**3 + 3*h**2 + 2*h + 1. Let n(f) = -f**3 + f**2 + f + 1. Let c(m) = j*b(m) + n(m). Determine c(-2).
-4
Let u be 270/65 + ((-8)/26)/2. Let p(j) be the first derivative of j**4/12 - 2*j**3/3 - j**2/2 - 3. Let k(s) be the second derivative of p(s). What is k(u)?
4
Let w(u) = 22*u - 12. Let t(z) = 13*z - 7. Let c(i) = -5*t(i) + 3*w(i). Give c(-7).
-8
Let q = 38 - -3. Let k = q - 57. Let r be (-24)/k*10/3. Let v(f) = f**2 - 3*f - 1. Give v(r).
9
Let r(z) = 6*z**3 - 3*z**2 - z - 4. Let u(y) = -y**3 - 4*y**2 - y + 1. Let i(o) = -o**3 + 1. Let b(w) = -6*i(w) + u(w). Let x(q) = 4*b(q) - 5*r(q). Give x(1).
-10
Let i(t) = -t**2 - 24*t - 4. Let z = -720 + 696. What is i(z)?
-4
Let x(s) = -7*s**2 + 22*s - 3. Let i(m) = -3*m**2 + 9*m - 1. Let q(h) = 5*i(h) - 2*x(h). Calculate q(0).
1
Let z be (1440/(-400))/((-3)/5). Let k(t) = t**3 - 6*t**2 + 8. Give k(z).
8
Let j(i) = -i**3 - i**2 + i - 5. Let t(p) = -p**3 - p**2 - 7. Let y(l) = 3*j(l) - 2*t(l). Calculate y(-3).
8
Let v(l) be the third derivative of -1/2*l**3 + 3*l**2 + 0*l + 1/24*l**4 + 0. Give v(6).
3
Let t = 24 + -16. Let q = -4 + t. Let a be q/(-14) - (-2)/7. Let s(o) = o**3 + 5. Calculate s(a).
5
Let t = 17 + -8. Suppose l - t = -2*l + 5*m, m + 9 = 3*l. Let q(s) = 2*s**3 + 0*s - s**l + 0*s**3 - 6*s**2 - 2 + s. Determine q(6).
4
Let x(c) = c**3 - 10*c**2 + 8*c - 10. Let m(k) = k**3 + 4*k**2 - 12*k + 9. Let o be m(-6). What is x(o)?
-19
Let q(y) be the second derivative of -y**6/360 + y**5/15 - 5*y**4/12 - 5*y. Let d(n) be the third derivative of q(n). Determine d(6).
-4
Let c = 26 + -24. Let x be ((-44)/55)/(c/(-20)). Let n(t) = -t + 14 - 6 - x. Determine n(-6).
6
Let a(l) = -6 + 6*l -